actors of ((-3)/(-4))/(4/o).
2, 3
Suppose -8*d + 11*d - 15 = 0. Suppose -2*k - 591 = -d*k. What are the prime factors of k?
197
Suppose -3*i - 5*v + 3*v = -1867, 3*i - 4*v = 1891. What are the prime factors of i?
5
Let z = 9460 + -4649. What are the prime factors of z?
17, 283
Let j be (0/(-4) - -2)*1. Suppose -j*l = -m - 6*l + 77, 5*m - 367 = -2*l. List the prime factors of m.
73
Let s(a) = 2*a + 7 + 2*a - 2*a - a. Let c be s(-6). What are the prime factors of c/(-2) - 357/(-14)?
5
Let u(y) = y**3 - y**2 - 2*y + 5. Let g be u(0). Suppose -2*d + 106 + 60 = g*c, 134 = 4*c + d. List the prime factors of c.
2, 17
Let y(o) = o**3 - 5*o**2 - 10*o - 27. Suppose -22 - 23 = -5*r. List the prime factors of y(r).
3, 23
Suppose -4*t - 1914 = 182. What are the prime factors of (1/(8/t))/((-3)/6)?
131
Suppose 4*f = 3*r - 98, -f = -2*r - 0*r + 57. List the prime factors of (r*-7)/(-5 + (-9)/(-3)).
7, 13
Let l be (-56)/(-12)*3/2. Let k(a) be the third derivative of -a**5/60 + 13*a**4/24 + 2*a**3/3 + 17*a**2. List the prime factors of k(l).
2, 23
Suppose -6*x + 609 = x. Let b = x - -27. List the prime factors of b.
2, 3, 19
Let y = 22 - -6. Let w be (-1)/1 + y - -3. Let n = w - 19. What are the prime factors of n?
11
Let p(r) = r**2 - 4*r - 9. Let x be p(6). Let c(s) = s**2 + 3*s - 4. Let f be c(x). Let y = f - 10. List the prime factors of y.
2
Suppose -7*t = -16*t + 846. What are the prime factors of t?
2, 47
Suppose 2*x = 5*x - 3*t - 30, 2*x - 3*t - 25 = 0. Let y be x + -4 - -2 - -2. List the prime factors of (y - -46) + (4 - 2).
53
Suppose 3*v + 3 = 0, -4*v = 4*n - 3585 + 729. List the prime factors of n.
5, 11, 13
Let l be ((-6)/9)/((-6)/999). Suppose -6*r + l = 423. Let x = r - -103. What are the prime factors of x?
3, 17
Let c be ((-6)/4)/(3/(-28)). Let k = -12 + c. Suppose k*a - 108 = -2*a. What are the prime factors of a?
3
Let q(n) = -41*n - 244. List the prime factors of q(-24).
2, 5, 37
Let l(s) = -s**3 - 4*s**2 + 5*s + 5. Let q be (4/(-8)*0)/(-2). Suppose -j - 3*i - 4 - 7 = 0, 3*j + 3*i + 21 = q. List the prime factors of l(j).
5
Let v = 420 - -777. List the prime factors of v.
3, 7, 19
Suppose -7*q + 305 = -2*q. Let u = -42 + q. Let z = 45 - u. List the prime factors of z.
2, 13
Suppose -4015 + 1217 = -2*y + 4*n, 3*y + 4*n - 4237 = 0. What are the prime factors of y?
3, 7, 67
Suppose -41*d + 37*d + 948 = 0. What are the prime factors of d?
3, 79
Suppose 3 = 2*l - m - 0, 0 = l - m - 1. Suppose 2*c + 2*c + 66 = r, -l*c - 264 = -4*r. List the prime factors of r.
2, 3, 11
Suppose -5*g = -4*b - 8, -g - 4*b - 11 = -3. Let i be (4 + g)/((-8)/(-12)). What are the prime factors of -6*(7/i)/(-1)?
7
Let u(g) = g + 6. Let w be u(-5). Suppose -w = 5*b - 21. Suppose -5*d = 3*l - 44, -82 = -b*l - d - d. What are the prime factors of l?
23
Suppose r - 2 = -r. Let s be 2 + (-14)/2 + r. What are the prime factors of s*(-2 + 3/12)?
7
Suppose 6*n = -7*n + 6149. What are the prime factors of n?
11, 43
Suppose 17*d - 6 = 15*d, -d = -3*a + 13233. What are the prime factors of a?
2, 1103
Suppose -3*x + 2*x = -12. Let o(c) = -3*c + 12*c - c - c**2 + x. List the prime factors of o(6).
2, 3
Suppose -4*r = -r. Let m be r/2 + -2 - 152. Let a = -105 - m. What are the prime factors of a?
7
What are the prime factors of (-6)/(-2) - -17*(14 - -4)?
3, 103
Let t be 2/(-18) + (-1 - 148/(-36)). Let r(j) = -j - 5. Let g be r(4). What are the prime factors of (-69)/1*t/g?
23
Let v be 248/2 - 0/(-3). Let i = 217 - v. List the prime factors of i.
3, 31
Let r(c) = 21 - 3*c + 3*c + 6 + c. List the prime factors of r(-22).
5
Let b be -1*(-4 - -2 - 0). Suppose -4*n + 33 = -0*y - y, b*y + 24 = 2*n. Suppose 0 = -t - s + 35, -n*s + 5*s = -5*t + 189. List the prime factors of t.
37
Suppose -4*g + 176 = -28. Suppose 4*j + j = 130. Let h = g - j. What are the prime factors of h?
5
Let x(t) = 4*t**2 - 4*t - 6. Suppose 3*s - 1 + 10 = 0. List the prime factors of x(s).
2, 3, 7
Let k = -63 + 201. Suppose 6*d = 48 + k. List the prime factors of d.
31
Suppose 14 = 4*k - 2*k. List the prime factors of k*((-8)/7)/(-2).
2
Suppose -5*w - 20 = 0, -17*y + 2*w = -22*y + 4332. What are the prime factors of y?
2, 7, 31
What are the prime factors of 4/((-12)/(-9)) - (-18 - 1040)?
1061
Let j(y) = 55*y + 34. List the prime factors of j(9).
23
Let b = 2 - -3. Suppose b*k = -0*k + 180. List the prime factors of k.
2, 3
Let t be (-2 - 1) + 11 + -5. Suppose -4*l = -o - 24, -o = t*l + 11 - 29. What are the prime factors of l?
2, 3
Suppose -8*a + 14*a = 660. What are the prime factors of a?
2, 5, 11
Let c(s) = 4*s**2 + 6*s + 14. Let m(v) = 3*v**2 + 7*v + 13. Let r(f) = 2*c(f) - 3*m(f). What are the prime factors of r(-5)?
3
Let i(z) be the first derivative of -4*z**2 + 6*z - 1 - 1/3*z**3. List the prime factors of i(-6).
2, 3
Let k = -15 + 29. Let z be -1 + 11 + -17 + k. Suppose 0 = -r + z*r - 60. List the prime factors of r.
2, 5
Let u = -26 - -20. Let h(g) = g**3 + 8*g**2 + 10*g + 10. List the prime factors of h(u).
2, 11
Suppose -5*c - 3*o + 11533 = 0, 6503 - 18030 = -5*c + 3*o. What are the prime factors of c?
2, 1153
Let b = -17 - -19. Suppose -3*v + 148 = -v + 4*r, -b*v + 193 = -5*r. Let s = v - 57. What are the prime factors of s?
3
Let m = 3774 + -2591. What are the prime factors of m?
7, 13
Let i(u) = -u**2 - 5*u + 6. Let t be i(-5). Let z(x) = -t + 35 + 8 + x**2. List the prime factors of z(0).
37
Let q = -8 - -12. Suppose 0*s + 5*j - 68 = -s, -387 = -q*s + 3*j. List the prime factors of s.
3, 31
Let g be 1/3 - (0 + (-5)/(-15)). Suppose g = 3*k + 2*u - 347, 2*k - k + 3*u - 104 = 0. List the prime factors of k.
7, 17
Suppose -3*m + 5 + 1 = 0. Suppose m*l + 11 = 27. List the prime factors of l.
2
Let b be (90/8)/(-15) + 1726/8. Let u = b - -42. List the prime factors of u.
257
Let l be (3 - 5) + -62 + 4. What are the prime factors of (-6*4/l)/((-1)/(-30))?
2, 3
Suppose 0 = -b - 3*b + d - 436, d - 106 = b. List the prime factors of -5 + (0 - -4) - b.
109
Suppose 1725 = 3*z - 399. What are the prime factors of z?
2, 3, 59
Suppose -3*m + 64 = -119. Suppose m = d - p, -2*p + 55 = -d + 2*d. What are the prime factors of d?
59
Suppose 0 = -19*y - 3*y + 24464. What are the prime factors of y?
2, 139
Suppose 4*o - 2*a - 2*a - 128 = 0, 149 = 4*o + 3*a. Suppose 0 = -2*k - 3*m + o, -3*k - 16 = m - 58. List the prime factors of k.
13
Let r be (2 + -161)*(-2)/6. Suppose -4*k - 2*m - r = -143, -3*m - 45 = -3*k. What are the prime factors of k?
2, 5
Let c = -791 - -1299. List the prime factors of c.
2, 127
Suppose -2*x = -0*x - 3*j - 7, 4*x - 5*j - 15 = 0. Suppose -2*d + 5*l = d - 432, -4*d + x*l = -571. What are the prime factors of d?
139
Let n = 74 + -44. Let f = n - 30. Suppose f = -0*i + 2*i - 34. List the prime factors of i.
17
What are the prime factors of (348 + 2)*((-84)/7)/(-12)?
2, 5, 7
Let p(i) = 2*i + 11. Let u(s) = -5*s - 23. Let w(j) = -9*p(j) - 4*u(j). Let r be (-8)/4 + (0 - -8). List the prime factors of w(r).
5
Let y be (-1116)/21*-3 - 12/28. Suppose 2*f - y - 27 = 0. What are the prime factors of f?
3, 31
Let x(l) = -l**2 - 79*l + 54. What are the prime factors of x(-47)?
2, 19, 41
Suppose 76*t - 154014 = -44042. List the prime factors of t.
1447
What are the prime factors of (7796*1 + 2)/(52/26)?
7, 557
Let v = -765 + 2534. What are the prime factors of v?
29, 61
Suppose 9*u = 10*u. Suppose 6*y - 3*y - 129 = u. List the prime factors of y.
43
Suppose 2*z = -5*b + 3*b + 8, -2*z = -5*b + 48. Suppose 2*g - 52 = -b. What are the prime factors of g?
2, 11
Suppose 20 = -28*w + 32*w. Let z(a) = 10*a - 9. List the prime factors of z(w).
41
Let x = 7 - -1. Let w = -5 + x. Suppose 3*v + a - 84 = -w*a, -21 = -v + a. What are the prime factors of v?
2, 3
Let z(w) = 5*w + 12. Let m be z(5). Let q = -6 - -29. Let r = m + q. List the prime factors of r.
2, 3, 5
Let u(d) = -d**2 - 19*d + 6. Let z be u(-18). List the prime factors of 3524/z - (-2)/(2 - -10).
3, 7
Let d = 889 - -236. List the prime factors of d.
3, 5
Let s = 16 + -23. Let x be 4/(-14) + (-58)/s. Let u = x - 4. List the prime factors of u.
2
Suppose 20 = -10*k + 15*k. Suppose 2*y + 0*y - 5*z = 446, -k*y + 948 = 4*z. What are the prime factors of y?
233
Let a be -1 + 12 - (2 - 1). Let x = -8 + a. List the prime factors of x + (0/2 - -3).
5
Let a(k) = -98